nd derivative of -t**4/12 + t**3 + 2*t**2 - 68*t. Let d(n) = -2*n**3 - 4*n**2 - 2*n + 1. Let c be d(-2). Calculate h(c).
9
Let j(l) = -l. Let u(q) = -3*q**3 + 2*q**2 - 4*q. Let z(t) = -3*j(t) + u(t). Determine z(1).
-2
Let u(x) = -3*x - 2. Let j(o) = 7*o + 2. Let d(c) = 2*j(c) + 5*u(c). Give d(-8).
2
Let c = 10 + -17. Let p(o) = -2*o - 1. Let x(z) = -2*z - 1. Let j(t) = c*p(t) + 6*x(t). Let w be j(-3). Let m(i) = i**2 + 5*i. Calculate m(w).
0
Suppose 4*j - 3*z + 20 = 0, 3*z = 5*j + 9 + 16. Let c(h) = h + 1. Give c(j).
-4
Let v(q) = -q**3 + 8*q**2 - 9*q + 9. Let w be v(7). Let c(o) = o**3 + 5*o**2 - o - 5. Determine c(w).
0
Let f = 3 - -2. Let y(m) = -m + 7. Let a be y(f). Let w(g) = -3 - g**2 + 0*g - a*g + 0*g. Calculate w(-3).
-6
Let z(t) = -1 - 7*t - 4 - 2*t**3 - 6*t**2 + t**3. Suppose -112 = -4*v + 2*s - 6*s, 3*s = -5*v + 134. Suppose -r + 6*r = -v. Determine z(r).
5
Let v(m) be the second derivative of m**4/12 + m**3 - 5*m**2/2 + m. Calculate v(-5).
-10
Suppose -18 = -4*p - x, p + x - 2 = 4. Suppose -h = -4*b + p*h + 7, 3*b = -2*h + 11. Let w(i) = -b*i - i + i. Calculate w(1).
-3
Let d(f) = -2*f - 4*f - 4*f + 1. What is d(1)?
-9
Let m(a) = 0*a**2 - 2*a**2 + 3*a + 2 + 1. Let u be ((-2)/3)/(8/(-12)). Suppose -7 = -2*t - u. Give m(t).
-6
Let h(n) = -7*n**2 + 2*n - 1. Let p be h(1). Let o(c) = c**3 + 11*c**2 - 4*c + 4. Let x(l) = -l**2 + l - 1. Let d(i) = -o(i) - 5*x(i). What is d(p)?
7
Let m(l) be the third derivative of l**6/120 - l**5/40 + l**4/24 - 5*l**3/6 - 3*l**2. Let v(f) be the first derivative of m(f). What is v(2)?
7
Let g be -2 + (9 - (-1 + 3)). Let l(o) = o**3 - 6*o**2 + 5*o + 1. Calculate l(g).
1
Let u = 16 - 14. Let g be u + 1*(3 - 4). Let h(q) = 6*q**3 - q**2 + 2*q - 1. Determine h(g).
6
Let j(w) = 4*w - 3. Suppose -12*c + 5 - 65 = 0. Give j(c).
-23
Let z(n) be the third derivative of -n**4/24 - n**3/6 + 2*n**2. Let o(s) = -2*s - 24. Let f be o(-14). Give z(f).
-5
Let y(x) = -4*x + 2*x + 8*x - 4 + x**2. Let n = 54 - 36. Let o = -24 + n. What is y(o)?
-4
Let s(h) = h**2 - 3*h + 6. Suppose 2*g = 2*u - 4, 0*u - 2*g = -3*u + 3. Let v = u + 2. Suppose -n + 5 = v. Determine s(n).
10
Let g(d) = -d - 1. Suppose 3*m = -4*j + 20, 0 = j - m + 2 - 7. Calculate g(j).
-6
Let c = 16 + -18. Let d(r) = r**2 + 4*r - 1. Give d(c).
-5
Let f(j) = -2*j**2 - 4*j - 7*j**2 + 3*j + 2*j**2. Let l be -7 - -6 - (0 - 0). Calculate f(l).
-6
Let w(z) be the third derivative of z**6/120 - 2*z**5/15 - z**4/8 + z**3/3 + z**2. Let q(i) = -i**2 + 1. Let s(f) = 4*q(f) - w(f). Give s(5).
-8
Let n(j) = 6*j - 7 - 17*j + 12*j. Let l be -3 + (-4 + 3)*-8. Determine n(l).
-2
Let p(d) = -24*d - 24*d - 9 + 49*d. Give p(4).
-5
Let f(y) = 4*y**3 - 4*y + 2. Let c(u) = -u**3 - u**2 + u. Let o(h) = 3*c(h) + f(h). Let l be o(2). Let m(v) = v**2 + 5*v + 4. Determine m(l).
0
Let b(v) be the third derivative of 0 + 1/24*v**4 - 1/6*v**3 - 5*v**2 + 0*v. What is b(1)?
0
Let s(j) = -j + 1. Let t be (6/9)/((-2)/9). Calculate s(t).
4
Let q(f) = f + 1. Let i(k) = -3*k - 10. Let u(c) = i(c) + 4*q(c). Let n be (1/2)/(4/32). Determine u(n).
-2
Let o(w) = -6*w - 1 - w**2 + 10 - 8. Determine o(-6).
1
Let q(m) be the second derivative of 0 + 0*m**2 + 3*m + 1/3*m**3. Calculate q(4).
8
Suppose q - 14 = -0*q - 3*o, 0 = 4*q + 2*o - 26. Let p be 1/2*(2 + 2). Let u(g) = 10 + g + p*g - 4*g. Calculate u(q).
5
Let y be (-68)/12 + (-2)/6. Let l(s) = s**2 + 3*s - 2. Calculate l(y).
16
Let m(x) = -x**3 - 6*x**2 - 2*x + 6. Let t(n) = n**2 - 11*n + 7. Let i be t(9). Let v = -16 - i. What is m(v)?
-9
Let k(b) = 1 + 3*b + 3 + 0*b - 1. What is k(-3)?
-6
Let h(i) = i - 8. Let p be h(9). Let r(x) = 8*x**2 + x. Give r(p).
9
Let y(f) = f**3 + 4*f**2 - 5*f - 1. Let d(a) = a + 1. Let r be d(3). Let p(v) = 2*v - 2*v + 3 - 4*v + 2*v. Let m be p(r). Calculate y(m).
-1
Let i be (-1)/2 - 11/(-2). Let h be i/1 - -3 - 3. Let p(c) = -c**2 + 6*c - 2. Calculate p(h).
3
Let p(b) = b**2 + 3*b + 3. Suppose 0*w = 2*w. Suppose 4*c - 12 = -w. Let i(a) = -2*a**2 - 6*a - 6. Let s(t) = c*i(t) + 5*p(t). Calculate s(-3).
-3
Let d(y) be the first derivative of -y**3/3 - 2*y**2 + 3*y - 2. Give d(-5).
-2
Suppose 2*o - 5*f + 10 = 0, -4*f = -2*o - 0*f - 8. Suppose o*v = -v. Suppose -u - 3*g = u - 22, v = g - 4. Let z(j) = -j**2 + 5*j + 1. Determine z(u).
1
Let f = 4 + 0. Let b(h) = h**2 - 4*h - 1. Determine b(f).
-1
Let l be 4/(2*-1 - -4). Suppose -6 = -o - l*o. Let p = 4 - o. Let g(n) = 4*n - 3. Give g(p).
5
Let r(z) = 2 - 15*z**2 - 13*z**2 + 35*z**2 - 2*z**3 + 3*z - 8*z**2. Suppose 2*v + 6 = -v. What is r(v)?
8
Let p = -13 + 15. Suppose p*y - 1 + 3 = 0. Let h(m) = m**2 - m + 1. Let c(l) = -11*l**2 - 3. Let d(t) = -c(t) - 2*h(t). Calculate d(y).
8
Let k(j) = 2*j - j**3 - 1 + 8*j - 15*j - 6*j**2. What is k(-5)?
-1
Let x(t) = -2*t + 5. Let i be 6*(3 - (-7)/(-3)). Let j be x(i). Let s(a) = a**3 + 4*a**2 + 5*a + 2. What is s(j)?
-4
Let m = 7 + -5. Let j(k) = -4*k - 5 + 0*k + m - 5. Let q(h) = h + 2. Let t(g) = -2*j(g) - 9*q(g). Determine t(5).
-7
Let h(u) = 1. Let j(m) be the second derivative of 0 - m + 1/12*m**4 - 2/3*m**3 - 4*m**2. Let f(o) = -6*h(o) - j(o). Calculate f(4).
2
Let i(o) be the second derivative of o**7/2520 + o**6/144 + o**5/60 - o**4/4 - 2*o. Let f(m) be the third derivative of i(m). Determine f(-5).
2
Let b(q) = -3*q**2 + 2*q + 1. Let g(k) = -4*k**2 + k + 1. Let h(z) = -3*b(z) + 2*g(z). Let x = 2 - 2. Let t = 3 - x. Give h(t).
-4
Suppose 3 + 0 = q + 4*y, q = -y - 3. Let a(f) = 3*f - 1. Let z(x) = 2*x - 1. Let b(s) = 5*a(s) - 7*z(s). What is b(q)?
-3
Let n be (-161)/(-49) + -2 + 24/14. Let l(u) be the second derivative of -n*u + 1/20*u**5 + 5/6*u**3 + 1/2*u**4 + 0 - 5/2*u**2. What is l(-5)?
-5
Let n(x) = 2*x - 2. Let a(z) = z - 1. Let c(s) = -6*a(s) + 2*n(s). What is c(-5)?
12
Let r(w) be the third derivative of w**6/720 - w**5/30 - 7*w**4/24 + 2*w**2. Let q(g) be the second derivative of r(g). Determine q(0).
-4
Let y(i) = -i**3 - 5*i**2 + 5*i - 6. Let h be y(-6). Let f(r) = 3*r + 0 + h*r + 2 - r**2. Let t(c) = c + 7. Let g be t(-4). What is f(g)?
2
Let b(s) = s**3 + 4*s**2 + 3*s + 4. Suppose 8*t = -30 + 6. What is b(t)?
4
Let n(h) = h - 7*h**2 + 15*h**2 - 1 + 2. Calculate n(-1).
8
Let v(g) = g - g**2 + 2*g**2 - 9 + 5. Suppose 0 = 2*u + 6. Determine v(u).
2
Let m(t) = -3*t + 38. Let x be m(11). Let f(s) be the third derivative of -s**6/120 + s**5/12 + s**4/24 + s**3/2 + s**2. Determine f(x).
8
Let r(y) = 39*y**2 + 3*y - 3. Let o(v) = 11*v**2 + v - 1. Let j(b) = 18*o(b) - 5*r(b). Let q(x) = 7*x**2 + 7*x - 6. Let u(t) = -5*j(t) + 2*q(t). What is u(0)?
3
Let b(z) = -z**2 - 7*z - 2. Let p be b(-5). Suppose -4*l - p = -6*l. Suppose o - l = -0. Let u(d) = d**3 - 4*d**2 - d - 2. Calculate u(o).
-6
Suppose 2*r + t + 1 = 5, t = 0. Let g(l) be the third derivative of 0*l**4 + 0*l + 1/2*l**3 + 1/120*l**6 + l**r + 1/15*l**5 + 0. Calculate g(-4).
3
Let m = -9 + 9. Suppose 5*s - 3*s = m. Let y(v) = -v + 1. What is y(s)?
1
Let m(q) = 3*q**2 - q + 3 - 3*q**2 + q**2. Let g(x) = -2*x - 9. Let b be g(-6). What is m(b)?
9
Suppose 3 - 5 = t. Let b be (-3)/6 - 13/t. Let r(n) = n - b + 4*n - 2*n**2 + n**2. Calculate r(4).
-2
Let w(t) be the second derivative of 1/3*t**3 + 0 + 2*t - 1/12*t**4 + 1/20*t**5 - 1/2*t**2. Calculate w(1).
1
Let i(m) be the third derivative of 11*m**6/120 + m**5/30 - m**4/12 + m**3/6 + 13*m**2. What is i(1)?
12
Let b be 4/3*(-6)/4. Let m(h) be the second derivative of -h**5/30 + h**4/12 + h**3/6 + 3*h. Let s(w) be the second derivative of m(w). What is s(b)?
10
Let z(d) = -d + 9. Let r = -7 + 7. Determine z(r).
9
Let t(f) = 3*f**2 + 8*f. Let x(k) = 2*k**2 + 5*k. Let q(g) = -5*t(g) + 8*x(g). Suppose 0 = -n + 2, 0 - 4 = -4*a - 2*n. Give q(a).
0
Suppose -5*d + q - 2 = -1, 5*d - 4 = -4*q. Suppose 0*c = -2*m - 2*c + 12, 5*m = 2*c + 9. Let z(v) = 1 - v + 4*v**3 + d*v**3 + v**3 - 3*v**m + v**2. Give z(-2).
-9
Let y(f) be the second derivative of f**4/12 - 5*f**3/6 - 5*f**2/2 - 9*f. Let u = 11 - 6. Give y(u).
-5
Suppose -10 = x - 5*z, -4*x - 18 - 4 = -2*z. Let c(i) = i - 6*i - 13 + 6*i + 19. Calculate c(x).
1
Let i(w) be the third derivative of w**5/120 + 5*w**4/24 + 2*w**3/3 + 5*w**2. Let o(f) be the first derivative of i(f). Let z = 1 - -3. Calculate o(z).
9
Let q(r) = 2*r. Let x be q(1). Let p(w) = -3*w**2 + 5*w + 4*w**2 - x